{"id":4876,"date":"2021-10-18T16:03:48","date_gmt":"2021-10-18T14:03:48","guid":{"rendered":"https:\/\/cinefest.de\/events\/der-luegner\/"},"modified":"2022-10-28T23:10:33","modified_gmt":"2022-10-28T21:10:33","slug":"der-luegner","status":"publish","type":"mec-events","link":"https:\/\/cinefest.de\/en\/events\/der-luegner\/","title":{"rendered":"Der L\u00fcgner"},"content":{"rendered":"\t\t<div data-elementor-type=\"wp-post\" data-elementor-id=\"4876\" class=\"elementor elementor-4876 elementor-3994\">\n\t\t\t\t\t\t<section class=\"elementor-section elementor-top-section elementor-element elementor-element-44d3f8f2 elementor-section-boxed elementor-section-height-default elementor-section-height-default\" data-id=\"44d3f8f2\" data-element_type=\"section\" data-e-type=\"section\">\n\t\t\t\t\t\t<div class=\"elementor-container elementor-column-gap-default\">\n\t\t\t\t\t<div class=\"elementor-column elementor-col-100 elementor-top-column elementor-element elementor-element-24aeeb65\" data-id=\"24aeeb65\" data-element_type=\"column\" data-e-type=\"column\">\n\t\t\t<div class=\"elementor-widget-wrap elementor-element-populated\">\n\t\t\t\t\t\t<div class=\"elementor-element elementor-element-25c63b7e elementor-widget elementor-widget-text-editor\" data-id=\"25c63b7e\" data-element_type=\"widget\" data-e-type=\"widget\" data-widget_type=\"text-editor.default\">\n\t\t\t\t<div class=\"elementor-widget-container\">\n\t\t\t\t\t\t\t\t\t<p>\n            <span style=\"color: #000000;\"><br \/>\n              <strong>DER L\u00dcGNER<br \/><\/strong><br \/>\n              <em>FRG 1961. Dir: Ladislao Vajda. 95 min 35mm<br \/><\/em><br \/>\n              <em>with Heinz R\u00fchmann, Giulia Follina, Annemarie D\u00fcringer, Blandine Ebinger, Gustav Knuth<\/em><br \/>\n            <\/span>\n          <\/p>\n<p>\n            <span style=\"color: #000000;\">It&#8217;s not too often that you see outstanding acting performances by children in movies. Director Ladislao Vajda manages to guide eight-year-old Julia Follina to top form in front of the camera. She plays the daughter of single father Sebastian Schuhmann (R\u00fchmann), who lies to her about a nice life.<\/span>\n          <\/p>\n\t\t\t\t\t\t\t\t<\/div>\n\t\t\t\t<\/div>\n\t\t\t\t\t<\/div>\n\t\t<\/div>\n\t\t\t\t\t<\/div>\n\t\t<\/section>\n\t\t\t\t<\/div>\n\t\t","protected":false},"excerpt":{"rendered":"<p>DER L\u00dcGNER FRG 1961. Dir: Ladislao Vajda. 95 min 35mm with Heinz R\u00fchmann, Giulia Follina, Annemarie D\u00fcringer, Blandine Ebinger, Gustav Knuth It&#8217;s not too often that you see outstanding acting&hellip;&nbsp;<a href=\"https:\/\/cinefest.de\/en\/events\/der-luegner\/\" rel=\"bookmark\">Read More &raquo;<span class=\"screen-reader-text\">Der L\u00fcgner<\/span><\/a><\/p>\n","protected":false},"author":1,"featured_media":3996,"comment_status":"closed","ping_status":"closed","template":"","tags":[209],"mec_category":[78,79,207],"mec_speaker":[],"class_list":["post-4876","mec-events","type-mec-events","status-publish","has-post-thumbnail","hentry","tag-2021-en","mec_category-cinefest-en","mec_category-film-en","mec_category-xviii-cinefest-en"],"yoast_head":"<!-- This site is optimized with the Yoast SEO plugin v27.2 - https:\/\/yoast.com\/product\/yoast-seo-wordpress\/ -->\n<title>Der L\u00fcgner - cinefest.de<\/title>\n<meta name=\"robots\" content=\"index, follow, max-snippet:-1, max-image-preview:large, max-video-preview:-1\" \/>\n<link rel=\"canonical\" href=\"https:\/\/cinefest.de\/en\/events\/der-luegner\/\" \/>\n<meta property=\"og:locale\" content=\"en_US\" \/>\n<meta property=\"og:type\" content=\"article\" \/>\n<meta property=\"og:title\" content=\"Der L\u00fcgner - cinefest.de\" \/>\n<meta property=\"og:description\" content=\"DER L\u00dcGNER FRG 1961. Dir: Ladislao Vajda. 95 min 35mm with Heinz R\u00fchmann, Giulia Follina, Annemarie D\u00fcringer, Blandine Ebinger, Gustav Knuth It&#8217;s not too often that you see outstanding acting&hellip;&nbsp;Read More &raquo;Der L\u00fcgner\" \/>\n<meta property=\"og:url\" content=\"https:\/\/cinefest.de\/en\/events\/der-luegner\/\" \/>\n<meta property=\"og:site_name\" content=\"cinefest.de\" \/>\n<meta property=\"article:modified_time\" content=\"2022-10-28T21:10:33+00:00\" \/>\n<meta property=\"og:image\" content=\"https:\/\/cinefest.de\/wp-content\/uploads\/2021\/10\/F8038_01_SDK-scaled.jpg\" \/>\n\t<meta property=\"og:image:width\" content=\"2352\" \/>\n\t<meta property=\"og:image:height\" content=\"2560\" \/>\n\t<meta property=\"og:image:type\" content=\"image\/jpeg\" \/>\n<meta name=\"twitter:card\" content=\"summary_large_image\" \/>\n<script type=\"application\/ld+json\" class=\"yoast-schema-graph\">{\"@context\":\"https:\/\/schema.org\",\"@graph\":[{\"@type\":\"WebPage\",\"@id\":\"https:\/\/cinefest.de\/en\/events\/der-luegner\/\",\"url\":\"https:\/\/cinefest.de\/en\/events\/der-luegner\/\",\"name\":\"Der L\u00fcgner - cinefest.de\",\"isPartOf\":{\"@id\":\"https:\/\/cinefest.de\/#website\"},\"primaryImageOfPage\":{\"@id\":\"https:\/\/cinefest.de\/en\/events\/der-luegner\/#primaryimage\"},\"image\":{\"@id\":\"https:\/\/cinefest.de\/en\/events\/der-luegner\/#primaryimage\"},\"thumbnailUrl\":\"https:\/\/cinefest.de\/wp-content\/uploads\/2021\/10\/F8038_01_SDK-scaled.jpg\",\"datePublished\":\"2021-10-18T14:03:48+00:00\",\"dateModified\":\"2022-10-28T21:10:33+00:00\",\"breadcrumb\":{\"@id\":\"https:\/\/cinefest.de\/en\/events\/der-luegner\/#breadcrumb\"},\"inLanguage\":\"en-US\",\"potentialAction\":[{\"@type\":\"ReadAction\",\"target\":[\"https:\/\/cinefest.de\/en\/events\/der-luegner\/\"]}]},{\"@type\":\"ImageObject\",\"inLanguage\":\"en-US\",\"@id\":\"https:\/\/cinefest.de\/en\/events\/der-luegner\/#primaryimage\",\"url\":\"https:\/\/cinefest.de\/wp-content\/uploads\/2021\/10\/F8038_01_SDK-scaled.jpg\",\"contentUrl\":\"https:\/\/cinefest.de\/wp-content\/uploads\/2021\/10\/F8038_01_SDK-scaled.jpg\",\"width\":2352,\"height\":2560,\"caption\":\"Scenenphoto - Der L\u00fcgner\"},{\"@type\":\"BreadcrumbList\",\"@id\":\"https:\/\/cinefest.de\/en\/events\/der-luegner\/#breadcrumb\",\"itemListElement\":[{\"@type\":\"ListItem\",\"position\":1,\"name\":\"Startseite\",\"item\":\"https:\/\/cinefest.de\/en\/home\/\"},{\"@type\":\"ListItem\",\"position\":2,\"name\":\"Veranstaltungen\",\"item\":\"https:\/\/cinefest.de\/events\/\"},{\"@type\":\"ListItem\",\"position\":3,\"name\":\"Der L\u00fcgner\"}]},{\"@type\":\"WebSite\",\"@id\":\"https:\/\/cinefest.de\/#website\",\"url\":\"https:\/\/cinefest.de\/\",\"name\":\"cinefest.de\",\"description\":\"Hamburg | Berlin | Gorizia | Prag | Wien | Wiesbaden | Z\u00fcrich\",\"publisher\":{\"@id\":\"https:\/\/cinefest.de\/#organization\"},\"potentialAction\":[{\"@type\":\"SearchAction\",\"target\":{\"@type\":\"EntryPoint\",\"urlTemplate\":\"https:\/\/cinefest.de\/?s={search_term_string}\"},\"query-input\":{\"@type\":\"PropertyValueSpecification\",\"valueRequired\":true,\"valueName\":\"search_term_string\"}}],\"inLanguage\":\"en-US\"},{\"@type\":\"Organization\",\"@id\":\"https:\/\/cinefest.de\/#organization\",\"name\":\"cinefest.de\",\"url\":\"https:\/\/cinefest.de\/\",\"logo\":{\"@type\":\"ImageObject\",\"inLanguage\":\"en-US\",\"@id\":\"https:\/\/cinefest.de\/#\/schema\/logo\/image\/\",\"url\":\"https:\/\/cinefest.de\/wp-content\/uploads\/2020\/10\/cropped-cinefest_Logo_RGB.png\",\"contentUrl\":\"https:\/\/cinefest.de\/wp-content\/uploads\/2020\/10\/cropped-cinefest_Logo_RGB.png\",\"width\":2528,\"height\":1262,\"caption\":\"cinefest.de\"},\"image\":{\"@id\":\"https:\/\/cinefest.de\/#\/schema\/logo\/image\/\"}}]}<\/script>\n<!-- \/ Yoast SEO plugin. -->","yoast_head_json":{"title":"Der L\u00fcgner - cinefest.de","robots":{"index":"index","follow":"follow","max-snippet":"max-snippet:-1","max-image-preview":"max-image-preview:large","max-video-preview":"max-video-preview:-1"},"canonical":"https:\/\/cinefest.de\/en\/events\/der-luegner\/","og_locale":"en_US","og_type":"article","og_title":"Der L\u00fcgner - cinefest.de","og_description":"DER L\u00dcGNER FRG 1961. Dir: Ladislao Vajda. 95 min 35mm with Heinz R\u00fchmann, Giulia Follina, Annemarie D\u00fcringer, Blandine Ebinger, Gustav Knuth It&#8217;s not too often that you see outstanding acting&hellip;&nbsp;Read More &raquo;Der L\u00fcgner","og_url":"https:\/\/cinefest.de\/en\/events\/der-luegner\/","og_site_name":"cinefest.de","article_modified_time":"2022-10-28T21:10:33+00:00","og_image":[{"width":2352,"height":2560,"url":"https:\/\/cinefest.de\/wp-content\/uploads\/2021\/10\/F8038_01_SDK-scaled.jpg","type":"image\/jpeg"}],"twitter_card":"summary_large_image","schema":{"@context":"https:\/\/schema.org","@graph":[{"@type":"WebPage","@id":"https:\/\/cinefest.de\/en\/events\/der-luegner\/","url":"https:\/\/cinefest.de\/en\/events\/der-luegner\/","name":"Der L\u00fcgner - cinefest.de","isPartOf":{"@id":"https:\/\/cinefest.de\/#website"},"primaryImageOfPage":{"@id":"https:\/\/cinefest.de\/en\/events\/der-luegner\/#primaryimage"},"image":{"@id":"https:\/\/cinefest.de\/en\/events\/der-luegner\/#primaryimage"},"thumbnailUrl":"https:\/\/cinefest.de\/wp-content\/uploads\/2021\/10\/F8038_01_SDK-scaled.jpg","datePublished":"2021-10-18T14:03:48+00:00","dateModified":"2022-10-28T21:10:33+00:00","breadcrumb":{"@id":"https:\/\/cinefest.de\/en\/events\/der-luegner\/#breadcrumb"},"inLanguage":"en-US","potentialAction":[{"@type":"ReadAction","target":["https:\/\/cinefest.de\/en\/events\/der-luegner\/"]}]},{"@type":"ImageObject","inLanguage":"en-US","@id":"https:\/\/cinefest.de\/en\/events\/der-luegner\/#primaryimage","url":"https:\/\/cinefest.de\/wp-content\/uploads\/2021\/10\/F8038_01_SDK-scaled.jpg","contentUrl":"https:\/\/cinefest.de\/wp-content\/uploads\/2021\/10\/F8038_01_SDK-scaled.jpg","width":2352,"height":2560,"caption":"Scenenphoto - Der L\u00fcgner"},{"@type":"BreadcrumbList","@id":"https:\/\/cinefest.de\/en\/events\/der-luegner\/#breadcrumb","itemListElement":[{"@type":"ListItem","position":1,"name":"Startseite","item":"https:\/\/cinefest.de\/en\/home\/"},{"@type":"ListItem","position":2,"name":"Veranstaltungen","item":"https:\/\/cinefest.de\/events\/"},{"@type":"ListItem","position":3,"name":"Der L\u00fcgner"}]},{"@type":"WebSite","@id":"https:\/\/cinefest.de\/#website","url":"https:\/\/cinefest.de\/","name":"cinefest.de","description":"Hamburg | Berlin | Gorizia | Prag | Wien | Wiesbaden | Z\u00fcrich","publisher":{"@id":"https:\/\/cinefest.de\/#organization"},"potentialAction":[{"@type":"SearchAction","target":{"@type":"EntryPoint","urlTemplate":"https:\/\/cinefest.de\/?s={search_term_string}"},"query-input":{"@type":"PropertyValueSpecification","valueRequired":true,"valueName":"search_term_string"}}],"inLanguage":"en-US"},{"@type":"Organization","@id":"https:\/\/cinefest.de\/#organization","name":"cinefest.de","url":"https:\/\/cinefest.de\/","logo":{"@type":"ImageObject","inLanguage":"en-US","@id":"https:\/\/cinefest.de\/#\/schema\/logo\/image\/","url":"https:\/\/cinefest.de\/wp-content\/uploads\/2020\/10\/cropped-cinefest_Logo_RGB.png","contentUrl":"https:\/\/cinefest.de\/wp-content\/uploads\/2020\/10\/cropped-cinefest_Logo_RGB.png","width":2528,"height":1262,"caption":"cinefest.de"},"image":{"@id":"https:\/\/cinefest.de\/#\/schema\/logo\/image\/"}}]}},"_links":{"self":[{"href":"https:\/\/cinefest.de\/en\/wp-json\/wp\/v2\/mec-events\/4876","targetHints":{"allow":["GET"]}}],"collection":[{"href":"https:\/\/cinefest.de\/en\/wp-json\/wp\/v2\/mec-events"}],"about":[{"href":"https:\/\/cinefest.de\/en\/wp-json\/wp\/v2\/types\/mec-events"}],"author":[{"embeddable":true,"href":"https:\/\/cinefest.de\/en\/wp-json\/wp\/v2\/users\/1"}],"replies":[{"embeddable":true,"href":"https:\/\/cinefest.de\/en\/wp-json\/wp\/v2\/comments?post=4876"}],"version-history":[{"count":0,"href":"https:\/\/cinefest.de\/en\/wp-json\/wp\/v2\/mec-events\/4876\/revisions"}],"wp:featuredmedia":[{"embeddable":true,"href":"https:\/\/cinefest.de\/en\/wp-json\/wp\/v2\/media\/3996"}],"wp:attachment":[{"href":"https:\/\/cinefest.de\/en\/wp-json\/wp\/v2\/media?parent=4876"}],"wp:term":[{"taxonomy":"post_tag","embeddable":true,"href":"https:\/\/cinefest.de\/en\/wp-json\/wp\/v2\/tags?post=4876"},{"taxonomy":"mec_category","embeddable":true,"href":"https:\/\/cinefest.de\/en\/wp-json\/wp\/v2\/mec_category?post=4876"},{"taxonomy":"mec_speaker","embeddable":true,"href":"https:\/\/cinefest.de\/en\/wp-json\/wp\/v2\/mec_speaker?post=4876"}],"curies":[{"name":"wp","href":"https:\/\/api.w.org\/{rel}","templated":true}]}}

Der Lügner

<div data-elementor-type="wp-post" data-elementor-id="4876" class="elementor elementor-4876 elementor-3994">
						<section class="elementor-section elementor-top-section elementor-element elementor-element-44d3f8f2 elementor-section-boxed elementor-section-height-default elementor-section-height-default" data-id="44d3f8f2" data-element_type="section" data-e-type="section">
						<div class="elementor-container elementor-column-gap-default">
					<div class="elementor-column elementor-col-100 elementor-top-column elementor-element elementor-element-24aeeb65" data-id="24aeeb65" data-element_type="column" data-e-type="column">
			<div class="elementor-widget-wrap elementor-element-populated">
						<div class="elementor-element elementor-element-25c63b7e elementor-widget elementor-widget-text-editor" data-id="25c63b7e" data-element_type="widget" data-e-type="widget" data-widget_type="text-editor.default">
				<div class="elementor-widget-container">
									<p>
            <span style="color: #000000;"><br />
              <strong>DER LÜGNER<br /></strong><br />
              <em>FRG 1961. Dir: Ladislao Vajda. 95 min 35mm<br /></em><br />
              <em>with Heinz Rühmann, Giulia Follina, Annemarie Düringer, Blandine Ebinger, Gustav Knuth</em><br />
            </span>
          </p>
<p>
            <span style="color: #000000;">It&#8217;s not too often that you see outstanding acting performances by children in movies. Director Ladislao Vajda manages to guide eight-year-old Julia Follina to top form in front of the camera. She plays the daughter of single father Sebastian Schuhmann (Rühmann), who lies to her about a nice life.</span>
          </p>
								</div>
				</div>
					</div>
		</div>
					</div>
		</section>
				</div>

<p>DER LÜGNER FRG 1961. Dir: Ladislao Vajda. 95 min 35mm with Heinz Rühmann, Giulia Follina, Annemarie Düringer, Blandine Ebinger, Gustav Knuth It&#8217;s not too often that you see outstanding acting&hellip;&nbsp;<a href="https://cinefest.de/en/events/der-luegner/" rel="bookmark">Read More &raquo;<span class="screen-reader-text">Der Lügner</span></a></p>

<!-- This site is optimized with the Yoast SEO plugin v27.2 - https://yoast.com/product/yoast-seo-wordpress/ -->
<title>Der Lügner - cinefest.de</title>
<meta name="robots" content="index, follow, max-snippet:-1, max-image-preview:large, max-video-preview:-1" />
<link rel="canonical" href="https://cinefest.de/en/events/der-luegner/" />
<meta property="og:locale" content="en_US" />
<meta property="og:type" content="article" />
<meta property="og:title" content="Der Lügner - cinefest.de" />
<meta property="og:description" content="DER LÜGNER FRG 1961. Dir: Ladislao Vajda. 95 min 35mm with Heinz Rühmann, Giulia Follina, Annemarie Düringer, Blandine Ebinger, Gustav Knuth It&#8217;s not too often that you see outstanding acting&hellip;&nbsp;Read More &raquo;Der Lügner" />
<meta property="og:url" content="https://cinefest.de/en/events/der-luegner/" />
<meta property="og:site_name" content="cinefest.de" />
<meta property="article:modified_time" content="2022-10-28T21:10:33+00:00" />
<meta property="og:image" content="https://cinefest.de/wp-content/uploads/2021/10/F8038_01_SDK-scaled.jpg" />
	<meta property="og:image:width" content="2352" />
	<meta property="og:image:height" content="2560" />
	<meta property="og:image:type" content="image/jpeg" />
<meta name="twitter:card" content="summary_large_image" />
<script type="application/ld+json" class="yoast-schema-graph">{"@context":"https://schema.org","@graph":[{"@type":"WebPage","@id":"https://cinefest.de/en/events/der-luegner/","url":"https://cinefest.de/en/events/der-luegner/","name":"Der Lügner - cinefest.de","isPartOf":{"@id":"https://cinefest.de/#website"},"primaryImageOfPage":{"@id":"https://cinefest.de/en/events/der-luegner/#primaryimage"},"image":{"@id":"https://cinefest.de/en/events/der-luegner/#primaryimage"},"thumbnailUrl":"https://cinefest.de/wp-content/uploads/2021/10/F8038_01_SDK-scaled.jpg","datePublished":"2021-10-18T14:03:48+00:00","dateModified":"2022-10-28T21:10:33+00:00","breadcrumb":{"@id":"https://cinefest.de/en/events/der-luegner/#breadcrumb"},"inLanguage":"en-US","potentialAction":[{"@type":"ReadAction","target":["https://cinefest.de/en/events/der-luegner/"]}]},{"@type":"ImageObject","inLanguage":"en-US","@id":"https://cinefest.de/en/events/der-luegner/#primaryimage","url":"https://cinefest.de/wp-content/uploads/2021/10/F8038_01_SDK-scaled.jpg","contentUrl":"https://cinefest.de/wp-content/uploads/2021/10/F8038_01_SDK-scaled.jpg","width":2352,"height":2560,"caption":"Scenenphoto - Der Lügner"},{"@type":"BreadcrumbList","@id":"https://cinefest.de/en/events/der-luegner/#breadcrumb","itemListElement":[{"@type":"ListItem","position":1,"name":"Startseite","item":"https://cinefest.de/en/home/"},{"@type":"ListItem","position":2,"name":"Veranstaltungen","item":"https://cinefest.de/events/"},{"@type":"ListItem","position":3,"name":"Der Lügner"}]},{"@type":"WebSite","@id":"https://cinefest.de/#website","url":"https://cinefest.de/","name":"cinefest.de","description":"Hamburg | Berlin | Gorizia | Prag | Wien | Wiesbaden | Zürich","publisher":{"@id":"https://cinefest.de/#organization"},"potentialAction":[{"@type":"SearchAction","target":{"@type":"EntryPoint","urlTemplate":"https://cinefest.de/?s={search_term_string}"},"query-input":{"@type":"PropertyValueSpecification","valueRequired":true,"valueName":"search_term_string"}}],"inLanguage":"en-US"},{"@type":"Organization","@id":"https://cinefest.de/#organization","name":"cinefest.de","url":"https://cinefest.de/","logo":{"@type":"ImageObject","inLanguage":"en-US","@id":"https://cinefest.de/#/schema/logo/image/","url":"https://cinefest.de/wp-content/uploads/2020/10/cropped-cinefest_Logo_RGB.png","contentUrl":"https://cinefest.de/wp-content/uploads/2020/10/cropped-cinefest_Logo_RGB.png","width":2528,"height":1262,"caption":"cinefest.de"},"image":{"@id":"https://cinefest.de/#/schema/logo/image/"}}]}</script>
<!-- / Yoast SEO plugin. -->

Der Lügner - cinefest.de

DER LÜGNER FRG 1961. Dir: Ladislao Vajda. 95 min 35mm with Heinz Rühmann, Giulia Follina, Annemarie Düringer, Blandine Ebinger, Gustav Knuth It&#8217;s not too often that you see outstanding acting&hellip;&nbsp;Read More &raquo;Der Lügner

Scenenphoto - Der Lügner

Hamburg | Berlin | Gorizia | Prag | Wien | Wiesbaden | Zürich
