{"id":3215,"date":"2021-05-08T18:07:12","date_gmt":"2021-05-08T16:07:12","guid":{"rendered":"https:\/\/cinefest.de\/blog\/events\/dass-ein-gutes-deutschland-bluehe-offizielle-version\/"},"modified":"2021-05-22T15:13:23","modified_gmt":"2021-05-22T13:13:23","slug":"dass-ein-gutes-deutschland-bluehe-offizielle-version","status":"publish","type":"mec-events","link":"https:\/\/cinefest.de\/en\/events\/dass-ein-gutes-deutschland-bluehe-offizielle-version\/","title":{"rendered":"Da\u00df ein gutes Deutschland bl\u00fche (Version Schnitzler)"},"content":{"rendered":"<p><strong>Da\u00df ein gutes Deutschland bl\u00fche<br \/>\n<\/strong><em>GDR 1959. Dir: Joop Huisken. Text: <span style=\"color: #3366ff;\">Karl-Eduard von Schnitzler.<\/span> 68 min. <\/em><\/p>\n<p>The task of making an anniversary film for the 10th anniversary of the GDR was taken on by Dutchman Joop Huisken, one of the founders of the DEFA documentary film studio. The poet Stephan Hermlin wrote the commentary, which was then replaced by a propagandistic text by Karl-Eduard von Schnitzler. We present both the original version and the official version.<\/p>\n<p><em>Check out also: <\/em><em>Ralf Schenk in conversation with Hans-Michael Bock (<a href=\"https:\/\/kinemathek-hamburg.cinemalovers.de\/de\/navigation\/balcony-conversations\" target=\"_blank\" rel=\"noopener\">Balkongespr\u00e4che<\/a>)<\/em><\/p>\n","protected":false},"excerpt":{"rendered":"<p>GDR 1959. Dir: Joop Huisken. Text: Karl-Eduard von Schnitzler. 68 min.<\/p>\n","protected":false},"author":1,"featured_media":1415,"comment_status":"closed","ping_status":"closed","template":"","tags":[160],"mec_category":[78,141,79],"mec_speaker":[],"class_list":["post-3215","mec-events","type-mec-events","status-publish","has-post-thumbnail","hentry","tag-defa-75-en","mec_category-cinefest-en","mec_category-cinefest-encore-en","mec_category-film-en"],"yoast_head":"<!-- This site is optimized with the Yoast SEO plugin v27.2 - https:\/\/yoast.com\/product\/yoast-seo-wordpress\/ -->\n<title>Da\u00df ein gutes Deutschland bl\u00fche (Version Schnitzler) - cinefest.de<\/title>\n<meta name=\"robots\" content=\"index, follow, max-snippet:-1, max-image-preview:large, max-video-preview:-1\" \/>\n<link rel=\"canonical\" href=\"https:\/\/cinefest.de\/en\/events\/dass-ein-gutes-deutschland-bluehe-offizielle-version\/\" \/>\n<meta property=\"og:locale\" content=\"en_US\" \/>\n<meta property=\"og:type\" content=\"article\" \/>\n<meta property=\"og:title\" content=\"Da\u00df ein gutes Deutschland bl\u00fche (Version Schnitzler) - cinefest.de\" \/>\n<meta property=\"og:description\" content=\"GDR 1959. Dir: Joop Huisken. Text: Karl-Eduard von Schnitzler. 68 min.\" \/>\n<meta property=\"og:url\" content=\"https:\/\/cinefest.de\/en\/events\/dass-ein-gutes-deutschland-bluehe-offizielle-version\/\" \/>\n<meta property=\"og:site_name\" content=\"cinefest.de\" \/>\n<meta property=\"article:modified_time\" content=\"2021-05-22T13:13:23+00:00\" \/>\n<meta property=\"og:image\" content=\"https:\/\/cinefest.de\/wp-content\/uploads\/2020\/10\/Dass-ein-gutes-Deutschland-bluehe-BArchFILMSG1_-BILD-3307.jpg\" \/>\n\t<meta property=\"og:image:width\" content=\"420\" \/>\n\t<meta property=\"og:image:height\" content=\"306\" \/>\n\t<meta property=\"og:image:type\" content=\"image\/jpeg\" \/>\n<meta name=\"twitter:card\" content=\"summary_large_image\" \/>\n<script type=\"application\/ld+json\" class=\"yoast-schema-graph\">{\"@context\":\"https:\/\/schema.org\",\"@graph\":[{\"@type\":\"WebPage\",\"@id\":\"https:\/\/cinefest.de\/en\/events\/dass-ein-gutes-deutschland-bluehe-offizielle-version\/\",\"url\":\"https:\/\/cinefest.de\/en\/events\/dass-ein-gutes-deutschland-bluehe-offizielle-version\/\",\"name\":\"Da\u00df ein gutes Deutschland bl\u00fche (Version Schnitzler) - cinefest.de\",\"isPartOf\":{\"@id\":\"https:\/\/cinefest.de\/#website\"},\"primaryImageOfPage\":{\"@id\":\"https:\/\/cinefest.de\/en\/events\/dass-ein-gutes-deutschland-bluehe-offizielle-version\/#primaryimage\"},\"image\":{\"@id\":\"https:\/\/cinefest.de\/en\/events\/dass-ein-gutes-deutschland-bluehe-offizielle-version\/#primaryimage\"},\"thumbnailUrl\":\"https:\/\/cinefest.de\/wp-content\/uploads\/2020\/10\/Dass-ein-gutes-Deutschland-bluehe-BArchFILMSG1_-BILD-3307.jpg\",\"datePublished\":\"2021-05-08T16:07:12+00:00\",\"dateModified\":\"2021-05-22T13:13:23+00:00\",\"breadcrumb\":{\"@id\":\"https:\/\/cinefest.de\/en\/events\/dass-ein-gutes-deutschland-bluehe-offizielle-version\/#breadcrumb\"},\"inLanguage\":\"en-US\",\"potentialAction\":[{\"@type\":\"ReadAction\",\"target\":[\"https:\/\/cinefest.de\/en\/events\/dass-ein-gutes-deutschland-bluehe-offizielle-version\/\"]}]},{\"@type\":\"ImageObject\",\"inLanguage\":\"en-US\",\"@id\":\"https:\/\/cinefest.de\/en\/events\/dass-ein-gutes-deutschland-bluehe-offizielle-version\/#primaryimage\",\"url\":\"https:\/\/cinefest.de\/wp-content\/uploads\/2020\/10\/Dass-ein-gutes-Deutschland-bluehe-BArchFILMSG1_-BILD-3307.jpg\",\"contentUrl\":\"https:\/\/cinefest.de\/wp-content\/uploads\/2020\/10\/Dass-ein-gutes-Deutschland-bluehe-BArchFILMSG1_-BILD-3307.jpg\",\"width\":420,\"height\":306},{\"@type\":\"BreadcrumbList\",\"@id\":\"https:\/\/cinefest.de\/en\/events\/dass-ein-gutes-deutschland-bluehe-offizielle-version\/#breadcrumb\",\"itemListElement\":[{\"@type\":\"ListItem\",\"position\":1,\"name\":\"Startseite\",\"item\":\"https:\/\/cinefest.de\/en\/home\/\"},{\"@type\":\"ListItem\",\"position\":2,\"name\":\"Veranstaltungen\",\"item\":\"https:\/\/cinefest.de\/events\/\"},{\"@type\":\"ListItem\",\"position\":3,\"name\":\"Da\u00df ein gutes Deutschland bl\u00fche (Version Schnitzler)\"}]},{\"@type\":\"WebSite\",\"@id\":\"https:\/\/cinefest.de\/#website\",\"url\":\"https:\/\/cinefest.de\/\",\"name\":\"cinefest.de\",\"description\":\"Hamburg | Berlin | Gorizia | Prag | Wien | Wiesbaden | Z\u00fcrich\",\"publisher\":{\"@id\":\"https:\/\/cinefest.de\/#organization\"},\"potentialAction\":[{\"@type\":\"SearchAction\",\"target\":{\"@type\":\"EntryPoint\",\"urlTemplate\":\"https:\/\/cinefest.de\/?s={search_term_string}\"},\"query-input\":{\"@type\":\"PropertyValueSpecification\",\"valueRequired\":true,\"valueName\":\"search_term_string\"}}],\"inLanguage\":\"en-US\"},{\"@type\":\"Organization\",\"@id\":\"https:\/\/cinefest.de\/#organization\",\"name\":\"cinefest.de\",\"url\":\"https:\/\/cinefest.de\/\",\"logo\":{\"@type\":\"ImageObject\",\"inLanguage\":\"en-US\",\"@id\":\"https:\/\/cinefest.de\/#\/schema\/logo\/image\/\",\"url\":\"https:\/\/cinefest.de\/wp-content\/uploads\/2020\/10\/cropped-cinefest_Logo_RGB.png\",\"contentUrl\":\"https:\/\/cinefest.de\/wp-content\/uploads\/2020\/10\/cropped-cinefest_Logo_RGB.png\",\"width\":2528,\"height\":1262,\"caption\":\"cinefest.de\"},\"image\":{\"@id\":\"https:\/\/cinefest.de\/#\/schema\/logo\/image\/\"}}]}<\/script>\n<!-- \/ Yoast SEO plugin. -->","yoast_head_json":{"title":"Da\u00df ein gutes Deutschland bl\u00fche (Version Schnitzler) - cinefest.de","robots":{"index":"index","follow":"follow","max-snippet":"max-snippet:-1","max-image-preview":"max-image-preview:large","max-video-preview":"max-video-preview:-1"},"canonical":"https:\/\/cinefest.de\/en\/events\/dass-ein-gutes-deutschland-bluehe-offizielle-version\/","og_locale":"en_US","og_type":"article","og_title":"Da\u00df ein gutes Deutschland bl\u00fche (Version Schnitzler) - cinefest.de","og_description":"GDR 1959. Dir: Joop Huisken. Text: Karl-Eduard von Schnitzler. 68 min.","og_url":"https:\/\/cinefest.de\/en\/events\/dass-ein-gutes-deutschland-bluehe-offizielle-version\/","og_site_name":"cinefest.de","article_modified_time":"2021-05-22T13:13:23+00:00","og_image":[{"width":420,"height":306,"url":"https:\/\/cinefest.de\/wp-content\/uploads\/2020\/10\/Dass-ein-gutes-Deutschland-bluehe-BArchFILMSG1_-BILD-3307.jpg","type":"image\/jpeg"}],"twitter_card":"summary_large_image","schema":{"@context":"https:\/\/schema.org","@graph":[{"@type":"WebPage","@id":"https:\/\/cinefest.de\/en\/events\/dass-ein-gutes-deutschland-bluehe-offizielle-version\/","url":"https:\/\/cinefest.de\/en\/events\/dass-ein-gutes-deutschland-bluehe-offizielle-version\/","name":"Da\u00df ein gutes Deutschland bl\u00fche (Version Schnitzler) - cinefest.de","isPartOf":{"@id":"https:\/\/cinefest.de\/#website"},"primaryImageOfPage":{"@id":"https:\/\/cinefest.de\/en\/events\/dass-ein-gutes-deutschland-bluehe-offizielle-version\/#primaryimage"},"image":{"@id":"https:\/\/cinefest.de\/en\/events\/dass-ein-gutes-deutschland-bluehe-offizielle-version\/#primaryimage"},"thumbnailUrl":"https:\/\/cinefest.de\/wp-content\/uploads\/2020\/10\/Dass-ein-gutes-Deutschland-bluehe-BArchFILMSG1_-BILD-3307.jpg","datePublished":"2021-05-08T16:07:12+00:00","dateModified":"2021-05-22T13:13:23+00:00","breadcrumb":{"@id":"https:\/\/cinefest.de\/en\/events\/dass-ein-gutes-deutschland-bluehe-offizielle-version\/#breadcrumb"},"inLanguage":"en-US","potentialAction":[{"@type":"ReadAction","target":["https:\/\/cinefest.de\/en\/events\/dass-ein-gutes-deutschland-bluehe-offizielle-version\/"]}]},{"@type":"ImageObject","inLanguage":"en-US","@id":"https:\/\/cinefest.de\/en\/events\/dass-ein-gutes-deutschland-bluehe-offizielle-version\/#primaryimage","url":"https:\/\/cinefest.de\/wp-content\/uploads\/2020\/10\/Dass-ein-gutes-Deutschland-bluehe-BArchFILMSG1_-BILD-3307.jpg","contentUrl":"https:\/\/cinefest.de\/wp-content\/uploads\/2020\/10\/Dass-ein-gutes-Deutschland-bluehe-BArchFILMSG1_-BILD-3307.jpg","width":420,"height":306},{"@type":"BreadcrumbList","@id":"https:\/\/cinefest.de\/en\/events\/dass-ein-gutes-deutschland-bluehe-offizielle-version\/#breadcrumb","itemListElement":[{"@type":"ListItem","position":1,"name":"Startseite","item":"https:\/\/cinefest.de\/en\/home\/"},{"@type":"ListItem","position":2,"name":"Veranstaltungen","item":"https:\/\/cinefest.de\/events\/"},{"@type":"ListItem","position":3,"name":"Da\u00df ein gutes Deutschland bl\u00fche (Version Schnitzler)"}]},{"@type":"WebSite","@id":"https:\/\/cinefest.de\/#website","url":"https:\/\/cinefest.de\/","name":"cinefest.de","description":"Hamburg | Berlin | Gorizia | Prag | Wien | Wiesbaden | Z\u00fcrich","publisher":{"@id":"https:\/\/cinefest.de\/#organization"},"potentialAction":[{"@type":"SearchAction","target":{"@type":"EntryPoint","urlTemplate":"https:\/\/cinefest.de\/?s={search_term_string}"},"query-input":{"@type":"PropertyValueSpecification","valueRequired":true,"valueName":"search_term_string"}}],"inLanguage":"en-US"},{"@type":"Organization","@id":"https:\/\/cinefest.de\/#organization","name":"cinefest.de","url":"https:\/\/cinefest.de\/","logo":{"@type":"ImageObject","inLanguage":"en-US","@id":"https:\/\/cinefest.de\/#\/schema\/logo\/image\/","url":"https:\/\/cinefest.de\/wp-content\/uploads\/2020\/10\/cropped-cinefest_Logo_RGB.png","contentUrl":"https:\/\/cinefest.de\/wp-content\/uploads\/2020\/10\/cropped-cinefest_Logo_RGB.png","width":2528,"height":1262,"caption":"cinefest.de"},"image":{"@id":"https:\/\/cinefest.de\/#\/schema\/logo\/image\/"}}]}},"_links":{"self":[{"href":"https:\/\/cinefest.de\/en\/wp-json\/wp\/v2\/mec-events\/3215","targetHints":{"allow":["GET"]}}],"collection":[{"href":"https:\/\/cinefest.de\/en\/wp-json\/wp\/v2\/mec-events"}],"about":[{"href":"https:\/\/cinefest.de\/en\/wp-json\/wp\/v2\/types\/mec-events"}],"author":[{"embeddable":true,"href":"https:\/\/cinefest.de\/en\/wp-json\/wp\/v2\/users\/1"}],"replies":[{"embeddable":true,"href":"https:\/\/cinefest.de\/en\/wp-json\/wp\/v2\/comments?post=3215"}],"version-history":[{"count":0,"href":"https:\/\/cinefest.de\/en\/wp-json\/wp\/v2\/mec-events\/3215\/revisions"}],"wp:featuredmedia":[{"embeddable":true,"href":"https:\/\/cinefest.de\/en\/wp-json\/wp\/v2\/media\/1415"}],"wp:attachment":[{"href":"https:\/\/cinefest.de\/en\/wp-json\/wp\/v2\/media?parent=3215"}],"wp:term":[{"taxonomy":"post_tag","embeddable":true,"href":"https:\/\/cinefest.de\/en\/wp-json\/wp\/v2\/tags?post=3215"},{"taxonomy":"mec_category","embeddable":true,"href":"https:\/\/cinefest.de\/en\/wp-json\/wp\/v2\/mec_category?post=3215"},{"taxonomy":"mec_speaker","embeddable":true,"href":"https:\/\/cinefest.de\/en\/wp-json\/wp\/v2\/mec_speaker?post=3215"}],"curies":[{"name":"wp","href":"https:\/\/api.w.org\/{rel}","templated":true}]}}

Daß ein gutes Deutschland blühe (Version Schnitzler)

<p><strong>Daß ein gutes Deutschland blühe<br />
</strong><em>GDR 1959. Dir: Joop Huisken. Text: <span style="color: #3366ff;">Karl-Eduard von Schnitzler.</span> 68 min. </em></p>
<p>The task of making an anniversary film for the 10th anniversary of the GDR was taken on by Dutchman Joop Huisken, one of the founders of the DEFA documentary film studio. The poet Stephan Hermlin wrote the commentary, which was then replaced by a propagandistic text by Karl-Eduard von Schnitzler. We present both the original version and the official version.</p>
<p><em>Check out also: </em><em>Ralf Schenk in conversation with Hans-Michael Bock (<a href="https://kinemathek-hamburg.cinemalovers.de/de/navigation/balcony-conversations" target="_blank" rel="noopener">Balkongespräche</a>)</em></p>

<!-- This site is optimized with the Yoast SEO plugin v27.2 - https://yoast.com/product/yoast-seo-wordpress/ -->
<title>Daß ein gutes Deutschland blühe (Version Schnitzler) - cinefest.de</title>
<meta name="robots" content="index, follow, max-snippet:-1, max-image-preview:large, max-video-preview:-1" />
<link rel="canonical" href="https://cinefest.de/en/events/dass-ein-gutes-deutschland-bluehe-offizielle-version/" />
<meta property="og:locale" content="en_US" />
<meta property="og:type" content="article" />
<meta property="og:title" content="Daß ein gutes Deutschland blühe (Version Schnitzler) - cinefest.de" />
<meta property="og:description" content="GDR 1959. Dir: Joop Huisken. Text: Karl-Eduard von Schnitzler. 68 min." />
<meta property="og:url" content="https://cinefest.de/en/events/dass-ein-gutes-deutschland-bluehe-offizielle-version/" />
<meta property="og:site_name" content="cinefest.de" />
<meta property="article:modified_time" content="2021-05-22T13:13:23+00:00" />
<meta property="og:image" content="https://cinefest.de/wp-content/uploads/2020/10/Dass-ein-gutes-Deutschland-bluehe-BArchFILMSG1_-BILD-3307.jpg" />
	<meta property="og:image:width" content="420" />
	<meta property="og:image:height" content="306" />
	<meta property="og:image:type" content="image/jpeg" />
<meta name="twitter:card" content="summary_large_image" />
<script type="application/ld+json" class="yoast-schema-graph">{"@context":"https://schema.org","@graph":[{"@type":"WebPage","@id":"https://cinefest.de/en/events/dass-ein-gutes-deutschland-bluehe-offizielle-version/","url":"https://cinefest.de/en/events/dass-ein-gutes-deutschland-bluehe-offizielle-version/","name":"Daß ein gutes Deutschland blühe (Version Schnitzler) - cinefest.de","isPartOf":{"@id":"https://cinefest.de/#website"},"primaryImageOfPage":{"@id":"https://cinefest.de/en/events/dass-ein-gutes-deutschland-bluehe-offizielle-version/#primaryimage"},"image":{"@id":"https://cinefest.de/en/events/dass-ein-gutes-deutschland-bluehe-offizielle-version/#primaryimage"},"thumbnailUrl":"https://cinefest.de/wp-content/uploads/2020/10/Dass-ein-gutes-Deutschland-bluehe-BArchFILMSG1_-BILD-3307.jpg","datePublished":"2021-05-08T16:07:12+00:00","dateModified":"2021-05-22T13:13:23+00:00","breadcrumb":{"@id":"https://cinefest.de/en/events/dass-ein-gutes-deutschland-bluehe-offizielle-version/#breadcrumb"},"inLanguage":"en-US","potentialAction":[{"@type":"ReadAction","target":["https://cinefest.de/en/events/dass-ein-gutes-deutschland-bluehe-offizielle-version/"]}]},{"@type":"ImageObject","inLanguage":"en-US","@id":"https://cinefest.de/en/events/dass-ein-gutes-deutschland-bluehe-offizielle-version/#primaryimage","url":"https://cinefest.de/wp-content/uploads/2020/10/Dass-ein-gutes-Deutschland-bluehe-BArchFILMSG1_-BILD-3307.jpg","contentUrl":"https://cinefest.de/wp-content/uploads/2020/10/Dass-ein-gutes-Deutschland-bluehe-BArchFILMSG1_-BILD-3307.jpg","width":420,"height":306},{"@type":"BreadcrumbList","@id":"https://cinefest.de/en/events/dass-ein-gutes-deutschland-bluehe-offizielle-version/#breadcrumb","itemListElement":[{"@type":"ListItem","position":1,"name":"Startseite","item":"https://cinefest.de/en/home/"},{"@type":"ListItem","position":2,"name":"Veranstaltungen","item":"https://cinefest.de/events/"},{"@type":"ListItem","position":3,"name":"Daß ein gutes Deutschland blühe (Version Schnitzler)"}]},{"@type":"WebSite","@id":"https://cinefest.de/#website","url":"https://cinefest.de/","name":"cinefest.de","description":"Hamburg | Berlin | Gorizia | Prag | Wien | Wiesbaden | Zürich","publisher":{"@id":"https://cinefest.de/#organization"},"potentialAction":[{"@type":"SearchAction","target":{"@type":"EntryPoint","urlTemplate":"https://cinefest.de/?s={search_term_string}"},"query-input":{"@type":"PropertyValueSpecification","valueRequired":true,"valueName":"search_term_string"}}],"inLanguage":"en-US"},{"@type":"Organization","@id":"https://cinefest.de/#organization","name":"cinefest.de","url":"https://cinefest.de/","logo":{"@type":"ImageObject","inLanguage":"en-US","@id":"https://cinefest.de/#/schema/logo/image/","url":"https://cinefest.de/wp-content/uploads/2020/10/cropped-cinefest_Logo_RGB.png","contentUrl":"https://cinefest.de/wp-content/uploads/2020/10/cropped-cinefest_Logo_RGB.png","width":2528,"height":1262,"caption":"cinefest.de"},"image":{"@id":"https://cinefest.de/#/schema/logo/image/"}}]}</script>
<!-- / Yoast SEO plugin. -->

Daß ein gutes Deutschland blühe (Version Schnitzler) - cinefest.de

Hamburg | Berlin | Gorizia | Prag | Wien | Wiesbaden | Zürich
